 - (-1)/2*-4 is divided by 60.
53
Suppose -3*v = -18*v + 3090. What is the remainder when v is divided by 16?
14
Let i(m) = 4*m**3 - 2*m**2 - 9*m + 8. What is the remainder when i(4) is divided by 73?
50
Let k = -26 + 114. Suppose -k = 17*v - 21*v. Suppose -n = -l - v - 3, -l - 97 = -4*n. What is the remainder when 46 is divided by n?
22
Let a(s) = s - 49. Let h be a(-11). Let j = 68 + h. Calculate the remainder when 37 is divided by j.
5
Suppose -4*d + 2*i = 4, 11 = 4*i - 5. Let t(m) = m**3 + 2*m - 1. Let w be t(d). Suppose -w*x + 3*x - 9 = 0. Calculate the remainder when 25 is divided by x.
7
Suppose -17*k = 21*k - 798. What is the remainder when 29 is divided by k?
8
Suppose -365 + 23 = -3*c - 5*d, -4*d = 0. What is the remainder when c is divided by 23?
22
Let l be (2 + -15)*(-12 + 8). Suppose -u - 38 = -4*f + u, -5*f + u = -l. Calculate the remainder when 107 is divided by f.
8
Suppose -b = q - 53, 4*q + 2*b = -0*q + 208. What is the remainder when q is divided by 9?
6
Suppose 6*q - 5*q = 2. Suppose 4*f - 4*j = 3*f + 72, 3*j - 111 = -q*f. What is the remainder when f is divided by 21?
18
Suppose -2296 = -9*t - 5*t. What is the remainder when t is divided by 15?
14
Let o(b) = b**2 - 3*b. Suppose w + 0*w = 4*d - 142, 4*w + 2*d = -658. Let n = -148 - w. Calculate the remainder when n is divided by o(4).
2
Let n = 1313 + -1304. Let k = 35 + -20. What is the remainder when k is divided by n?
6
Let x(m) be the third derivative of m**6/120 - 2*m**5/15 - 13*m**4/24 + 2*m**3/3 - 12*m**2. Calculate the remainder when x(10) is divided by 25.
24
What is the remainder when 152 is divided by 2322/36 - (-3)/2?
20
Suppose -4*x - 9 = -101. Let m = 228 - 167. What is the remainder when -13*(m/(-9) + 10/(-45)) is divided by x?
22
Let p = 12 + 25. Suppose 21 = n - p. What is the remainder when n is divided by 20?
18
Let r(b) = 4*b**3 - 22*b**2 + 18*b - 41. Calculate the remainder when r(9) is divided by 74.
71
Let y = -27 - -65. Calculate the remainder when 1/(-4) - y/(-8)*3 is divided by 2.
0
Let j(z) = 2*z**2 - 63*z - 26. Suppose 2*q + 48 = 2*x + 5*q, -2*q + 88 = 4*x. What is the remainder when x is divided by j(32)?
3
Let k = 57 + -50. Calculate the remainder when 284 is divided by k.
4
Let w(i) = -2*i**3 + 7*i**2 + 12*i + 4. What is the remainder when 103 is divided by w(-2)?
7
Let q = 66 - 54. Suppose -q*b = -9*b - 39. Let d(g) = 9*g**2 - g - 2. What is the remainder when d(-2) is divided by b?
10
Let p = -392 + 260. Calculate the remainder when (-9 + 11)/((-2)/p) is divided by 27.
24
Suppose -3*y - 20 = y, 0 = 5*n - 4*y - 35. Suppose 5*h = 5, -j - h - n + 15 = 0. Suppose 21*i = 17*i + 68. Calculate the remainder when i is divided by j.
6
What is the remainder when 64 is divided by (-42*6/12)/(-1)?
1
Suppose 0 = -f - 2*f - 3*k + 192, -k = -f + 68. What is the remainder when f is divided by 19?
9
Suppose 5*x + 2*a = 107, 0 = -x - 2*a - 1 + 16. What is the remainder when 113 is divided by x?
21
Let g(d) = -30*d - 61. Let a be g(4). Suppose 4*h = j - 257, 2*j + 1061 = 6*j - 5*h. Let f = j + a. Calculate the remainder when f is divided by 30.
28
Suppose -76 = -13*j + 197. What is the remainder when 293 is divided by j?
20
Suppose 17*b - 16*b - 59 = 5*p, 5*b + p - 165 = 0. Calculate the remainder when (4/2)/((-4)/(-334)) is divided by b.
31
Suppose -2*f + 5*f - s = 15, -26 = -5*f + 2*s. Suppose -8 = -2*u - f. Suppose u*i + i = 165. Calculate the remainder when i is divided by 19.
17
Let v = 41 + -25. Suppose -9 = t - 100. What is the remainder when t is divided by v?
11
Suppose -m + 54 = 2*m + 3*s, -2*m + 4*s = -66. What is the remainder when 90 is divided by m?
21
Let z(q) = -13*q - 501. What is the remainder when 313 is divided by z(-42)?
43
Let f(l) = 2*l**3 + l**2 - l - 1. What is the remainder when 25/(-55) + 45360/693 is divided by f(2)?
14
Let k = -89 - -56. Let a = -24 - k. What is the remainder when 71 is divided by a?
8
Let l(n) = 4*n**2 - 7*n + 22. Let b(z) = z**3 - 11*z. What is the remainder when b(5) is divided by l(3)?
33
Suppose 4*b + 14 = 26. Suppose -f + 3*w - 15 = -b*f, 5*w = -f - 10. Calculate the remainder when 56 is divided by f.
11
Suppose -25 = 2*i - 7*i. Suppose 2*r - 4 = -2*t, -i*t = -13 + 3. Let z(o) = -o**2 + o + 17. What is the remainder when z(r) is divided by 10?
7
Let m(t) = t**3 - 26*t**2 + 28*t - 35. Let l be m(25). Let b = l - 32. What is the remainder when 11 is divided by b?
3
Suppose -8 = -4*k, 5*t = 3*t + k + 120. Suppose 0 = c - 2*y - 109, -4*c - t = -2*y - 479. Calculate the remainder when c is divided by 8.
7
Let p = -4 - -6. Suppose u - 3*k + 54 = 5*u, -u + 16 = p*k. Let b(h) = -4*h**3 - 13*h - 12. Calculate the remainder when u is divided by b(-1).
2
What is the remainder when -4*(-11 + 0/(-1)) is divided by 6?
2
Suppose 2*v - k = -159, 4*v + 5*k + 232 = v. Let h = v - -92. What is the remainder when h is divided by 7?
6
Let z(x) = 21*x - 171. Calculate the remainder when z(15) is divided by 40.
24
Let m be (((-4)/(-1))/(-4))/1. Let f(q) = -q**2 + 1. Let z be f(m). Suppose z = p - 10 + 4. What is the remainder when 17 is divided by p?
5
Suppose 4*g = -2*g - 24. Let a(k) = 4*k**2 + 3*k + 10. Calculate the remainder when a(g) is divided by 13.
10
Calculate the remainder when 30/(-405) + (-12802)/(-54) + -3 is divided by 63.
45
Suppose 5*d = 3*z - 16, z - 5*d = -2*d + 8. Let w be (9 + -5)/(z/22). Suppose 5*h - w = 16. Calculate the remainder when h is divided by 7.
5
Suppose -7*j + 4*j + 36 = -5*r, -4*j = 2*r - 48. What is the remainder when 58 is divided by j?
10
Let p(b) = -8*b - 1. Let u(m) = -46*m + 365. Calculate the remainder when u(5) is divided by p(-3).
20
What is the remainder when 298 is divided by (-22 + -8)/((-18)/24)?
18
Suppose -5*t = -4*t - 19. Calculate the remainder when 94 is divided by t.
18
Suppose -g = 3*h - 76, -15 + 0 = -5*h. What is the remainder when g is divided by 4?
3
Let w(j) = 5*j + 42. Let h be w(-23). Let i = h + 90. Calculate the remainder when 41 is divided by i.
7
Let v(r) = -2*r + 5. Calculate the remainder when 200 is divided by v(-18).
36
Suppose -l + 2*f + f = -78, 5*l + 3*f = 462. Calculate the remainder when l is divided by 52.
38
Let p(a) = -a**2 + a + 7. Let h(f) = 8 + 4*f**3 - 5*f**3 + 0*f - 7*f**2 + 7*f - 6*f. Calculate the remainder when p(-2) is divided by h(-7).
0
Let l(z) = 3*z**3 + z**2 - 2*z + 2. Suppose 3*i + 1 + 12 = g, 5*g - 85 = -5*i. What is the remainder when l(2) is divided by g?
10
Let s be (-18)/45 - (-354)/10. Suppose -s = -3*o - 4*o. Calculate the remainder when ((-8)/(-6))/4*21 is divided by o.
2
Let z(j) = -4*j - 6. Suppose -3*i - 14 = 1. What is the remainder when z(i) is divided by (-140)/(-105)*(3 + 0)?
2
Let q(z) = z**2 + 10*z + 8. Let v be q(-10). Let w = 17 - v. Let f(b) = 3*b**2 - 13*b + 5. What is the remainder when f(6) is divided by w?
8
Let l(z) = -3*z - 7. Let r be l(-6). Let s(y) = -2*y**2 + 24*y + 7. What is the remainder when s(r) is divided by 17?
12
What is the remainder when 542 is divided by (-4)/(-14) - 48822/(-721)?
66
Let x(o) = -1 + 3 - o**2 + 5 - 8*o. Let d be x(-7). What is the remainder when 36 is divided by 1 - 7/(d/(-24))?
10
Let k(r) = -r - 2. Let p be k(1). Let s = 41 - 18. Calculate the remainder when (10/6)/(p/(-81)) is divided by s.
22
Let x be 6*(2 - 3) - -2. What is the remainder when (-21 + 1)*1*6/(-12) is divided by (-66)/(-15) - x/(-10)?
2
Suppose 105 + 55 = 5*b. Let q be -4 + (4 - 3) - -18. Suppose 5*n - 32 = l + 56, 5*l = -q. Calculate the remainder when b is divided by n.
15
Let o = 28 - 23. What is the remainder when -1*(714/(-7))/6 is divided by o?
2
Let i(a) = -2*a. Let k(p) = 4*p**2 - 10*p + 45. Let d(b) = 2*i(b) + k(b). Suppose -3*h + 41 + 16 = 0. What is the remainder when d(5) is divided by h?
18
Let y be (6/4)/(2/4). Let j be 2 + -1 + (43 - y). Let r = j - 36. Calculate the remainder when 37 is divided by r.
2
Let o = 0 - -3. Suppose -3*b = -6*b - 4*n - o, 3*b - 12 = n. Suppose -10*m + 23*m = 91. What is the remainder when m is divided by b?
1
Let u be (14 - 8)/(-1 + (-49)/(-47)). Suppose -5*l = -2*l - u. Calculate the remainder when 187 is divided by l.
46
Let g(h) = 11*h - 4. Let y be g(-4). Let c be (-10998)/378 - (-6)/63. Let o = c - y. What is the remainder when o is divided by 6?
1
Let n(t) = t*